{"id":126,"date":"2014-01-11T17:18:30","date_gmt":"2014-01-11T16:18:30","guid":{"rendered":"http:\/\/fotogruppe-bayreuth.de\/?page_id=126"},"modified":"2021-04-14T12:39:17","modified_gmt":"2021-04-14T11:39:17","slug":"anja-schlegel","status":"publish","type":"page","link":"http:\/\/fotogruppe-bayreuth.de\/index.php\/ueber-uns\/anja-schlegel\/","title":{"rendered":"Anja  Schlegel"},"content":{"rendered":"<p><strong><a href=\"http:\/\/fotogruppe-bayreuth.de\/wp-content\/uploads\/2014\/01\/at-work-2.jpg\"><img loading=\"lazy\" decoding=\"async\" src=\"http:\/\/fotogruppe-bayreuth.de\/wp-content\/uploads\/2014\/01\/at-work-2-150x150.jpg\" class=\"alignright size-thumbnail wp-image-194\" width=\"150\" height=\"150\" alt=\"at work (2)\"><\/a>Name<\/strong><br \/>\nAnja Schlegel<\/p>\n<p><strong>Fotografische Laufbahn<\/strong><br \/>\nBegeisterte Hobbyfotografin, st\u00e4ndig auf der Suche nach Menschen und Motiven<\/p>\n<p><strong>Ausr\u00fcstung &amp; Lieblingsst\u00fccke<\/strong><br \/>\nCanon EOS 60D, hier ist mir das Schwenkdisplay wichtig, da es mir Fotos aus ungew\u00f6hnlichen Perspektiven erm\u00f6glicht. Am liebsten benutze ich mein 18-270 mm-Objektiv, mit dem fast alle Bereiche abgedeckt sind, f\u00fcr Portr\u00e4ts benutze ich ein 50 mm Festbrennweitenobjektiv. Ich verwende neben meinem BIG-Stativ sehr gerne den Gorillapod, um auch in schwierigem Gel\u00e4nde wackelfreie Fotos schie\u00dfen zu k\u00f6nnen.<\/p>\n<p><strong>Typisch f\u00fcr meine Fotos ist:&nbsp; <\/strong><br \/>\nDie Originalit\u00e4t der Motive m\u00f6chte ich weitestgehend erhalten, Nachbearbeitung wie z.B. Schneiden oder Lichtkorrektur ist selbstverst\u00e4ndlich, jedoch ohne zu verfremden. Es macht mir Freude, verschiedene Sachen auszuprobieren und offen an neue oder ungew\u00f6hnliche Projekte heranzugehen. Der sch\u00f6nste Lohn ist es, wenn Betrachter an meinen Fotos Gefallen finden.<\/p>\n\n\t\t<style type=\"text\/css\">\n\t\t\t#gallery-1 {\n\t\t\t\tmargin: auto;\n\t\t\t}\n\t\t\t#gallery-1 .gallery-item {\n\t\t\t\tfloat: left;\n\t\t\t\tmargin-top: 10px;\n\t\t\t\ttext-align: center;\n\t\t\t\twidth: 33%;\n\t\t\t}\n\t\t\t#gallery-1 img {\n\t\t\t\tborder: 2px solid #cfcfcf;\n\t\t\t}\n\t\t\t#gallery-1 .gallery-caption {\n\t\t\t\tmargin-left: 0;\n\t\t\t}\n\t\t\t\/* see gallery_shortcode() in wp-includes\/media.php *\/\n\t\t<\/style>\n\t\t<div id='gallery-1' class='gallery galleryid-126 gallery-columns-3 gallery-size-thumbnail'><dl class='gallery-item'>\n\t\t\t<dt class='gallery-icon portrait'>\n\t\t\t\t<a title=\"IMG_9211\" href='http:\/\/fotogruppe-bayreuth.de\/wp-content\/uploads\/2014\/01\/IMG_9211.jpg'><img loading=\"lazy\" decoding=\"async\" width=\"150\" height=\"150\" src=\"http:\/\/fotogruppe-bayreuth.de\/wp-content\/uploads\/2014\/01\/IMG_9211-150x150.jpg\" class=\"attachment-thumbnail size-thumbnail\" alt=\"\" \/><\/a>\n\t\t\t<\/dt><\/dl><dl class='gallery-item'>\n\t\t\t<dt class='gallery-icon landscape'>\n\t\t\t\t<a title=\"IMG_9857a\" href='http:\/\/fotogruppe-bayreuth.de\/wp-content\/uploads\/2014\/01\/IMG_9857a.jpg'><img loading=\"lazy\" decoding=\"async\" width=\"150\" height=\"150\" src=\"http:\/\/fotogruppe-bayreuth.de\/wp-content\/uploads\/2014\/01\/IMG_9857a-150x150.jpg\" class=\"attachment-thumbnail size-thumbnail\" alt=\"\" \/><\/a>\n\t\t\t<\/dt><\/dl><dl class='gallery-item'>\n\t\t\t<dt class='gallery-icon landscape'>\n\t\t\t\t<a title=\"21\" href='http:\/\/fotogruppe-bayreuth.de\/wp-content\/uploads\/2014\/01\/21.jpg'><img loading=\"lazy\" decoding=\"async\" width=\"150\" height=\"150\" src=\"http:\/\/fotogruppe-bayreuth.de\/wp-content\/uploads\/2014\/01\/21-150x150.jpg\" class=\"attachment-thumbnail size-thumbnail\" alt=\"\" \/><\/a>\n\t\t\t<\/dt><\/dl><br style=\"clear: both\" \/><dl class='gallery-item'>\n\t\t\t<dt class='gallery-icon landscape'>\n\t\t\t\t<a title=\"IMG_1191_1\" href='http:\/\/fotogruppe-bayreuth.de\/wp-content\/uploads\/2014\/01\/IMG_1191_1.jpg'><img loading=\"lazy\" decoding=\"async\" width=\"150\" height=\"150\" src=\"http:\/\/fotogruppe-bayreuth.de\/wp-content\/uploads\/2014\/01\/IMG_1191_1-150x150.jpg\" class=\"attachment-thumbnail size-thumbnail\" alt=\"\" \/><\/a>\n\t\t\t<\/dt><\/dl><dl class='gallery-item'>\n\t\t\t<dt class='gallery-icon landscape'>\n\t\t\t\t<a title=\"IMG_1231_1\" href='http:\/\/fotogruppe-bayreuth.de\/wp-content\/uploads\/2014\/01\/IMG_1231_1.jpg'><img loading=\"lazy\" decoding=\"async\" width=\"150\" height=\"150\" src=\"http:\/\/fotogruppe-bayreuth.de\/wp-content\/uploads\/2014\/01\/IMG_1231_1-150x150.jpg\" class=\"attachment-thumbnail size-thumbnail\" alt=\"\" \/><\/a>\n\t\t\t<\/dt><\/dl><dl class='gallery-item'>\n\t\t\t<dt class='gallery-icon landscape'>\n\t\t\t\t<a title=\"IMG_1339_1\" href='http:\/\/fotogruppe-bayreuth.de\/wp-content\/uploads\/2014\/01\/IMG_1339_1.jpg'><img loading=\"lazy\" decoding=\"async\" width=\"150\" height=\"150\" src=\"http:\/\/fotogruppe-bayreuth.de\/wp-content\/uploads\/2014\/01\/IMG_1339_1-150x150.jpg\" class=\"attachment-thumbnail size-thumbnail\" alt=\"\" \/><\/a>\n\t\t\t<\/dt><\/dl><br style=\"clear: both\" \/><dl class='gallery-item'>\n\t\t\t<dt class='gallery-icon landscape'>\n\t\t\t\t<a title=\"IMG_2356\" href='http:\/\/fotogruppe-bayreuth.de\/wp-content\/uploads\/2014\/01\/IMG_2356.jpg'><img loading=\"lazy\" decoding=\"async\" width=\"150\" height=\"150\" src=\"http:\/\/fotogruppe-bayreuth.de\/wp-content\/uploads\/2014\/01\/IMG_2356-150x150.jpg\" class=\"attachment-thumbnail size-thumbnail\" alt=\"\" \/><\/a>\n\t\t\t<\/dt><\/dl><dl class='gallery-item'>\n\t\t\t<dt class='gallery-icon landscape'>\n\t\t\t\t<a title=\"IMG_2388\" href='http:\/\/fotogruppe-bayreuth.de\/wp-content\/uploads\/2014\/01\/IMG_2388.jpg'><img loading=\"lazy\" decoding=\"async\" width=\"150\" height=\"150\" src=\"http:\/\/fotogruppe-bayreuth.de\/wp-content\/uploads\/2014\/01\/IMG_2388-150x150.jpg\" class=\"attachment-thumbnail size-thumbnail\" alt=\"\" \/><\/a>\n\t\t\t<\/dt><\/dl><dl class='gallery-item'>\n\t\t\t<dt class='gallery-icon landscape'>\n\t\t\t\t<a title=\"IMG_2495\" href='http:\/\/fotogruppe-bayreuth.de\/wp-content\/uploads\/2014\/01\/IMG_2495.jpg'><img loading=\"lazy\" decoding=\"async\" width=\"150\" height=\"150\" src=\"http:\/\/fotogruppe-bayreuth.de\/wp-content\/uploads\/2014\/01\/IMG_2495-150x150.jpg\" class=\"attachment-thumbnail size-thumbnail\" alt=\"\" \/><\/a>\n\t\t\t<\/dt><\/dl><br style=\"clear: both\" \/><dl class='gallery-item'>\n\t\t\t<dt class='gallery-icon landscape'>\n\t\t\t\t<a title=\"IMG_2568\" href='http:\/\/fotogruppe-bayreuth.de\/wp-content\/uploads\/2014\/01\/IMG_2568.jpg'><img loading=\"lazy\" decoding=\"async\" width=\"150\" height=\"150\" src=\"http:\/\/fotogruppe-bayreuth.de\/wp-content\/uploads\/2014\/01\/IMG_2568-150x150.jpg\" class=\"attachment-thumbnail size-thumbnail\" alt=\"\" \/><\/a>\n\t\t\t<\/dt><\/dl><dl class='gallery-item'>\n\t\t\t<dt class='gallery-icon landscape'>\n\t\t\t\t<a title=\"IMG_3349_1\" href='http:\/\/fotogruppe-bayreuth.de\/wp-content\/uploads\/2014\/01\/IMG_3349_1.jpg'><img loading=\"lazy\" decoding=\"async\" width=\"150\" height=\"150\" src=\"http:\/\/fotogruppe-bayreuth.de\/wp-content\/uploads\/2014\/01\/IMG_3349_1-150x150.jpg\" class=\"attachment-thumbnail size-thumbnail\" alt=\"\" \/><\/a>\n\t\t\t<\/dt><\/dl><dl class='gallery-item'>\n\t\t\t<dt class='gallery-icon portrait'>\n\t\t\t\t<a title=\"IMG_4088\" href='http:\/\/fotogruppe-bayreuth.de\/wp-content\/uploads\/2014\/01\/IMG_4088.jpg'><img loading=\"lazy\" decoding=\"async\" width=\"150\" height=\"150\" src=\"http:\/\/fotogruppe-bayreuth.de\/wp-content\/uploads\/2014\/01\/IMG_4088-150x150.jpg\" class=\"attachment-thumbnail size-thumbnail\" alt=\"\" \/><\/a>\n\t\t\t<\/dt><\/dl><br style=\"clear: both\" \/><dl class='gallery-item'>\n\t\t\t<dt class='gallery-icon landscape'>\n\t\t\t\t<a title=\"IMG_4836\" href='http:\/\/fotogruppe-bayreuth.de\/wp-content\/uploads\/2014\/01\/IMG_4836.jpg'><img loading=\"lazy\" decoding=\"async\" width=\"150\" height=\"150\" src=\"http:\/\/fotogruppe-bayreuth.de\/wp-content\/uploads\/2014\/01\/IMG_4836-150x150.jpg\" class=\"attachment-thumbnail size-thumbnail\" alt=\"\" \/><\/a>\n\t\t\t<\/dt><\/dl><dl class='gallery-item'>\n\t\t\t<dt class='gallery-icon landscape'>\n\t\t\t\t<a title=\"IMG_8725a\" href='http:\/\/fotogruppe-bayreuth.de\/wp-content\/uploads\/2014\/01\/IMG_8725a.jpg'><img loading=\"lazy\" decoding=\"async\" width=\"150\" height=\"150\" src=\"http:\/\/fotogruppe-bayreuth.de\/wp-content\/uploads\/2014\/01\/IMG_8725a-150x150.jpg\" class=\"attachment-thumbnail size-thumbnail\" alt=\"\" \/><\/a>\n\t\t\t<\/dt><\/dl><dl class='gallery-item'>\n\t\t\t<dt class='gallery-icon landscape'>\n\t\t\t\t<a title=\"IMG_8763a\" href='http:\/\/fotogruppe-bayreuth.de\/wp-content\/uploads\/2014\/01\/IMG_8763a.jpg'><img loading=\"lazy\" decoding=\"async\" width=\"150\" height=\"150\" src=\"http:\/\/fotogruppe-bayreuth.de\/wp-content\/uploads\/2014\/01\/IMG_8763a-150x150.jpg\" class=\"attachment-thumbnail size-thumbnail\" alt=\"\" \/><\/a>\n\t\t\t<\/dt><\/dl><br style=\"clear: both\" \/>\n\t\t<\/div>\n\n","protected":false},"excerpt":{"rendered":"<p>Name Anja Schlegel Fotografische Laufbahn Begeisterte Hobbyfotografin, st\u00e4ndig auf der Suche nach Menschen und Motiven Ausr\u00fcstung &amp; Lieblingsst\u00fccke Canon EOS 60D, hier ist mir das Schwenkdisplay wichtig, da es mir Fotos aus ungew\u00f6hnlichen Perspektiven erm\u00f6glicht. Am liebsten benutze ich mein 18-270 mm-Objektiv, mit dem fast alle Bereiche abgedeckt sind, f\u00fcr Portr\u00e4ts benutze ich ein 50 [&hellip;]<\/p>\n","protected":false},"author":1,"featured_media":0,"parent":2,"menu_order":0,"comment_status":"open","ping_status":"closed","template":"","meta":{"footnotes":""},"class_list":["post-126","page","type-page","status-publish","hentry"],"aioseo_notices":[],"_links":{"self":[{"href":"http:\/\/fotogruppe-bayreuth.de\/index.php\/wp-json\/wp\/v2\/pages\/126","targetHints":{"allow":["GET"]}}],"collection":[{"href":"http:\/\/fotogruppe-bayreuth.de\/index.php\/wp-json\/wp\/v2\/pages"}],"about":[{"href":"http:\/\/fotogruppe-bayreuth.de\/index.php\/wp-json\/wp\/v2\/types\/page"}],"author":[{"embeddable":true,"href":"http:\/\/fotogruppe-bayreuth.de\/index.php\/wp-json\/wp\/v2\/users\/1"}],"replies":[{"embeddable":true,"href":"http:\/\/fotogruppe-bayreuth.de\/index.php\/wp-json\/wp\/v2\/comments?post=126"}],"version-history":[{"count":6,"href":"http:\/\/fotogruppe-bayreuth.de\/index.php\/wp-json\/wp\/v2\/pages\/126\/revisions"}],"predecessor-version":[{"id":1417,"href":"http:\/\/fotogruppe-bayreuth.de\/index.php\/wp-json\/wp\/v2\/pages\/126\/revisions\/1417"}],"up":[{"embeddable":true,"href":"http:\/\/fotogruppe-bayreuth.de\/index.php\/wp-json\/wp\/v2\/pages\/2"}],"wp:attachment":[{"href":"http:\/\/fotogruppe-bayreuth.de\/index.php\/wp-json\/wp\/v2\/media?parent=126"}],"curies":[{"name":"wp","href":"https:\/\/api.w.org\/{rel}","templated":true}]}}

<p><strong><a href="http://fotogruppe-bayreuth.de/wp-content/uploads/2014/01/at-work-2.jpg"><img loading="lazy" decoding="async" src="http://fotogruppe-bayreuth.de/wp-content/uploads/2014/01/at-work-2-150x150.jpg" class="alignright size-thumbnail wp-image-194" width="150" height="150" alt="at work (2)"></a>Name</strong><br />
Anja Schlegel</p>
<p><strong>Fotografische Laufbahn</strong><br />
Begeisterte Hobbyfotografin, ständig auf der Suche nach Menschen und Motiven</p>
<p><strong>Ausrüstung &amp; Lieblingsstücke</strong><br />
Canon EOS 60D, hier ist mir das Schwenkdisplay wichtig, da es mir Fotos aus ungewöhnlichen Perspektiven ermöglicht. Am liebsten benutze ich mein 18-270 mm-Objektiv, mit dem fast alle Bereiche abgedeckt sind, für Porträts benutze ich ein 50 mm Festbrennweitenobjektiv. Ich verwende neben meinem BIG-Stativ sehr gerne den Gorillapod, um auch in schwierigem Gelände wackelfreie Fotos schießen zu können.</p>
<p><strong>Typisch für meine Fotos ist:&nbsp; </strong><br />
Die Originalität der Motive möchte ich weitestgehend erhalten, Nachbearbeitung wie z.B. Schneiden oder Lichtkorrektur ist selbstverständlich, jedoch ohne zu verfremden. Es macht mir Freude, verschiedene Sachen auszuprobieren und offen an neue oder ungewöhnliche Projekte heranzugehen. Der schönste Lohn ist es, wenn Betrachter an meinen Fotos Gefallen finden.</p>

		<style type="text/css">
			#gallery-1 {
				margin: auto;
			}
			#gallery-1 .gallery-item {
				float: left;
				margin-top: 10px;
				text-align: center;
				width: 33%;
			}
			#gallery-1 img {
				border: 2px solid #cfcfcf;
			}
			#gallery-1 .gallery-caption {
				margin-left: 0;
			}
			/* see gallery_shortcode() in wp-includes/media.php */
		</style>
		<div id='gallery-1' class='gallery galleryid-126 gallery-columns-3 gallery-size-thumbnail'><dl class='gallery-item'>
			<dt class='gallery-icon portrait'>
				<a title="IMG_9211" href='http://fotogruppe-bayreuth.de/wp-content/uploads/2014/01/IMG_9211.jpg'><img loading="lazy" decoding="async" width="150" height="150" src="http://fotogruppe-bayreuth.de/wp-content/uploads/2014/01/IMG_9211-150x150.jpg" class="attachment-thumbnail size-thumbnail" alt="" /></a>
			</dt></dl><dl class='gallery-item'>
			<dt class='gallery-icon landscape'>
				<a title="IMG_9857a" href='http://fotogruppe-bayreuth.de/wp-content/uploads/2014/01/IMG_9857a.jpg'><img loading="lazy" decoding="async" width="150" height="150" src="http://fotogruppe-bayreuth.de/wp-content/uploads/2014/01/IMG_9857a-150x150.jpg" class="attachment-thumbnail size-thumbnail" alt="" /></a>
			</dt></dl><dl class='gallery-item'>
			<dt class='gallery-icon landscape'>
				<a title="21" href='http://fotogruppe-bayreuth.de/wp-content/uploads/2014/01/21.jpg'><img loading="lazy" decoding="async" width="150" height="150" src="http://fotogruppe-bayreuth.de/wp-content/uploads/2014/01/21-150x150.jpg" class="attachment-thumbnail size-thumbnail" alt="" /></a>
			</dt></dl><br style="clear: both" /><dl class='gallery-item'>
			<dt class='gallery-icon landscape'>
				<a title="IMG_1191_1" href='http://fotogruppe-bayreuth.de/wp-content/uploads/2014/01/IMG_1191_1.jpg'><img loading="lazy" decoding="async" width="150" height="150" src="http://fotogruppe-bayreuth.de/wp-content/uploads/2014/01/IMG_1191_1-150x150.jpg" class="attachment-thumbnail size-thumbnail" alt="" /></a>
			</dt></dl><dl class='gallery-item'>
			<dt class='gallery-icon landscape'>
				<a title="IMG_1231_1" href='http://fotogruppe-bayreuth.de/wp-content/uploads/2014/01/IMG_1231_1.jpg'><img loading="lazy" decoding="async" width="150" height="150" src="http://fotogruppe-bayreuth.de/wp-content/uploads/2014/01/IMG_1231_1-150x150.jpg" class="attachment-thumbnail size-thumbnail" alt="" /></a>
			</dt></dl><dl class='gallery-item'>
			<dt class='gallery-icon landscape'>
				<a title="IMG_1339_1" href='http://fotogruppe-bayreuth.de/wp-content/uploads/2014/01/IMG_1339_1.jpg'><img loading="lazy" decoding="async" width="150" height="150" src="http://fotogruppe-bayreuth.de/wp-content/uploads/2014/01/IMG_1339_1-150x150.jpg" class="attachment-thumbnail size-thumbnail" alt="" /></a>
			</dt></dl><br style="clear: both" /><dl class='gallery-item'>
			<dt class='gallery-icon landscape'>
				<a title="IMG_2356" href='http://fotogruppe-bayreuth.de/wp-content/uploads/2014/01/IMG_2356.jpg'><img loading="lazy" decoding="async" width="150" height="150" src="http://fotogruppe-bayreuth.de/wp-content/uploads/2014/01/IMG_2356-150x150.jpg" class="attachment-thumbnail size-thumbnail" alt="" /></a>
			</dt></dl><dl class='gallery-item'>
			<dt class='gallery-icon landscape'>
				<a title="IMG_2388" href='http://fotogruppe-bayreuth.de/wp-content/uploads/2014/01/IMG_2388.jpg'><img loading="lazy" decoding="async" width="150" height="150" src="http://fotogruppe-bayreuth.de/wp-content/uploads/2014/01/IMG_2388-150x150.jpg" class="attachment-thumbnail size-thumbnail" alt="" /></a>
			</dt></dl><dl class='gallery-item'>
			<dt class='gallery-icon landscape'>
				<a title="IMG_2495" href='http://fotogruppe-bayreuth.de/wp-content/uploads/2014/01/IMG_2495.jpg'><img loading="lazy" decoding="async" width="150" height="150" src="http://fotogruppe-bayreuth.de/wp-content/uploads/2014/01/IMG_2495-150x150.jpg" class="attachment-thumbnail size-thumbnail" alt="" /></a>
			</dt></dl><br style="clear: both" /><dl class='gallery-item'>
			<dt class='gallery-icon landscape'>
				<a title="IMG_2568" href='http://fotogruppe-bayreuth.de/wp-content/uploads/2014/01/IMG_2568.jpg'><img loading="lazy" decoding="async" width="150" height="150" src="http://fotogruppe-bayreuth.de/wp-content/uploads/2014/01/IMG_2568-150x150.jpg" class="attachment-thumbnail size-thumbnail" alt="" /></a>
			</dt></dl><dl class='gallery-item'>
			<dt class='gallery-icon landscape'>
				<a title="IMG_3349_1" href='http://fotogruppe-bayreuth.de/wp-content/uploads/2014/01/IMG_3349_1.jpg'><img loading="lazy" decoding="async" width="150" height="150" src="http://fotogruppe-bayreuth.de/wp-content/uploads/2014/01/IMG_3349_1-150x150.jpg" class="attachment-thumbnail size-thumbnail" alt="" /></a>
			</dt></dl><dl class='gallery-item'>
			<dt class='gallery-icon portrait'>
				<a title="IMG_4088" href='http://fotogruppe-bayreuth.de/wp-content/uploads/2014/01/IMG_4088.jpg'><img loading="lazy" decoding="async" width="150" height="150" src="http://fotogruppe-bayreuth.de/wp-content/uploads/2014/01/IMG_4088-150x150.jpg" class="attachment-thumbnail size-thumbnail" alt="" /></a>
			</dt></dl><br style="clear: both" /><dl class='gallery-item'>
			<dt class='gallery-icon landscape'>
				<a title="IMG_4836" href='http://fotogruppe-bayreuth.de/wp-content/uploads/2014/01/IMG_4836.jpg'><img loading="lazy" decoding="async" width="150" height="150" src="http://fotogruppe-bayreuth.de/wp-content/uploads/2014/01/IMG_4836-150x150.jpg" class="attachment-thumbnail size-thumbnail" alt="" /></a>
			</dt></dl><dl class='gallery-item'>
			<dt class='gallery-icon landscape'>
				<a title="IMG_8725a" href='http://fotogruppe-bayreuth.de/wp-content/uploads/2014/01/IMG_8725a.jpg'><img loading="lazy" decoding="async" width="150" height="150" src="http://fotogruppe-bayreuth.de/wp-content/uploads/2014/01/IMG_8725a-150x150.jpg" class="attachment-thumbnail size-thumbnail" alt="" /></a>
			</dt></dl><dl class='gallery-item'>
			<dt class='gallery-icon landscape'>
				<a title="IMG_8763a" href='http://fotogruppe-bayreuth.de/wp-content/uploads/2014/01/IMG_8763a.jpg'><img loading="lazy" decoding="async" width="150" height="150" src="http://fotogruppe-bayreuth.de/wp-content/uploads/2014/01/IMG_8763a-150x150.jpg" class="attachment-thumbnail size-thumbnail" alt="" /></a>
			</dt></dl><br style="clear: both" />
		</div>

<p>Name Anja Schlegel Fotografische Laufbahn Begeisterte Hobbyfotografin, ständig auf der Suche nach Menschen und Motiven Ausrüstung &amp; Lieblingsstücke Canon EOS 60D, hier ist mir das Schwenkdisplay wichtig, da es mir Fotos aus ungewöhnlichen Perspektiven ermöglicht. Am liebsten benutze ich mein 18-270 mm-Objektiv, mit dem fast alle Bereiche abgedeckt sind, für Porträts benutze ich ein 50 [&hellip;]</p>
