{"id":111,"date":"2014-01-11T16:58:14","date_gmt":"2014-01-11T15:58:14","guid":{"rendered":"http:\/\/fotogruppe-bayreuth.de\/?page_id=111"},"modified":"2014-01-22T20:17:37","modified_gmt":"2014-01-22T19:17:37","slug":"martin-ritter","status":"publish","type":"page","link":"http:\/\/fotogruppe-bayreuth.de\/index.php\/ueber-uns\/martin-ritter\/","title":{"rendered":"Martin Ritter"},"content":{"rendered":"<p><strong>Name<\/strong><br \/>\nMartin Ritter<\/p>\n<p><strong>Fotografische Laufbahn <\/strong><br \/>\nSeit 1978 bin ich Mitglied der Freien Fotogruppe, beginnend als Fotoamateur mit eigenem Labor. \u00dcber 1 Jahrzehnt durfte ich nebenberuflich Erfahrungen im gewerblichen Fotolabor, Fotostudio und Fotoeinzelhandel sammeln. Danach war ich 12 Jahre hauptberuflich als Pressefotograf t\u00e4tig. Mehrere Bildb\u00e4nde \u00fcber Bayreuth (Wartberg-Verlag) und Trebgast habe ich gestaltet. Desweiteren entstanden etwa 15 Einzelausstellungen sowie Beteiligung an zahlreichen Gemeinschaftsausstellungen der Freien Fotogruppe Bayreuth und des Kunstvereins Bayreuth.<br \/>\n<strong><br \/>\nLieblings-Fotoausr\u00fcstung<\/strong><br \/>\nEines meiner Lieblingsst\u00fccke ist das Portrait-Tele Canon L 1,2-85mm, damit erzielt man herrlich-freigestellte Portraits bei offener Blende und sich daraus ergebendem unscharfem Hintergrund.<\/p>\n<p><strong>Was ist typisch f\u00fcr deine Bilder?<\/strong><br \/>\nNichts an meinen Bildern ist typisch. Professionelle Terminarbeiten sowie zeitintensive Meditationsfotografie befinden sich im Portfolio. Nicht Schnappsch\u00fcsse, sondern konzeptionelles Arbeiten bestimmter Themen ist mein Anliegen. \u201eFotografieren braucht Zeit. Wer sich keine Zeit nimmt, kann ja knipsen\u201c.<\/p>\n<p>Beispiele auf meiner Internetseite: <a href=\"http:\/\/www.martin-ritter.net\">www.martin-ritter.net<\/a>.<\/p>\n\n\t\t<style type=\"text\/css\">\n\t\t\t#gallery-1 {\n\t\t\t\tmargin: auto;\n\t\t\t}\n\t\t\t#gallery-1 .gallery-item {\n\t\t\t\tfloat: left;\n\t\t\t\tmargin-top: 10px;\n\t\t\t\ttext-align: center;\n\t\t\t\twidth: 33%;\n\t\t\t}\n\t\t\t#gallery-1 img {\n\t\t\t\tborder: 2px solid #cfcfcf;\n\t\t\t}\n\t\t\t#gallery-1 .gallery-caption {\n\t\t\t\tmargin-left: 0;\n\t\t\t}\n\t\t\t\/* see gallery_shortcode() in wp-includes\/media.php *\/\n\t\t<\/style>\n\t\t<div id='gallery-1' class='gallery galleryid-111 gallery-columns-3 gallery-size-thumbnail'><dl class='gallery-item'>\n\t\t\t<dt class='gallery-icon landscape'>\n\t\t\t\t<a title=\"04 Jedermann 050613-72\" href='http:\/\/fotogruppe-bayreuth.de\/wp-content\/uploads\/2014\/01\/04-Jedermann-050613-72.jpg'><img loading=\"lazy\" decoding=\"async\" width=\"150\" height=\"150\" src=\"http:\/\/fotogruppe-bayreuth.de\/wp-content\/uploads\/2014\/01\/04-Jedermann-050613-72-150x150.jpg\" class=\"attachment-thumbnail size-thumbnail\" alt=\"\" \/><\/a>\n\t\t\t<\/dt><\/dl><dl class='gallery-item'>\n\t\t\t<dt class='gallery-icon landscape'>\n\t\t\t\t<a title=\"05 Faust 080611a-11\" href='http:\/\/fotogruppe-bayreuth.de\/wp-content\/uploads\/2014\/01\/05-Faust-080611a-11.jpg'><img loading=\"lazy\" decoding=\"async\" width=\"150\" height=\"150\" src=\"http:\/\/fotogruppe-bayreuth.de\/wp-content\/uploads\/2014\/01\/05-Faust-080611a-11-150x150.jpg\" class=\"attachment-thumbnail size-thumbnail\" alt=\"\" \/><\/a>\n\t\t\t<\/dt><\/dl><dl class='gallery-item'>\n\t\t\t<dt class='gallery-icon landscape'>\n\t\t\t\t<a title=\"06 Sommernachtstraum 060612-47\" href='http:\/\/fotogruppe-bayreuth.de\/wp-content\/uploads\/2014\/01\/06-Sommernachtstraum-060612-47.jpg'><img loading=\"lazy\" decoding=\"async\" width=\"150\" height=\"150\" src=\"http:\/\/fotogruppe-bayreuth.de\/wp-content\/uploads\/2014\/01\/06-Sommernachtstraum-060612-47-150x150.jpg\" class=\"attachment-thumbnail size-thumbnail\" alt=\"\" \/><\/a>\n\t\t\t<\/dt><\/dl><br style=\"clear: both\" \/><dl class='gallery-item'>\n\t\t\t<dt class='gallery-icon portrait'>\n\t\t\t\t<a title=\"07 Merkel 250711-19sw\" href='http:\/\/fotogruppe-bayreuth.de\/wp-content\/uploads\/2014\/01\/07-Merkel-250711-19sw.jpg'><img loading=\"lazy\" decoding=\"async\" width=\"150\" height=\"150\" src=\"http:\/\/fotogruppe-bayreuth.de\/wp-content\/uploads\/2014\/01\/07-Merkel-250711-19sw-150x150.jpg\" class=\"attachment-thumbnail size-thumbnail\" alt=\"\" \/><\/a>\n\t\t\t<\/dt><\/dl><dl class='gallery-item'>\n\t\t\t<dt class='gallery-icon portrait'>\n\t\t\t\t<a title=\"08 Wo Sarazen 090512-32 b w\" href='http:\/\/fotogruppe-bayreuth.de\/wp-content\/uploads\/2014\/01\/08-Wo-Sarazen-090512-32-b-w.jpg'><img loading=\"lazy\" decoding=\"async\" width=\"150\" height=\"150\" src=\"http:\/\/fotogruppe-bayreuth.de\/wp-content\/uploads\/2014\/01\/08-Wo-Sarazen-090512-32-b-w-150x150.jpg\" class=\"attachment-thumbnail size-thumbnail\" alt=\"\" \/><\/a>\n\t\t\t<\/dt><\/dl><dl class='gallery-item'>\n\t\t\t<dt class='gallery-icon landscape'>\n\t\t\t\t<a title=\"01 Ehrenhof 210511\" href='http:\/\/fotogruppe-bayreuth.de\/wp-content\/uploads\/2014\/01\/01-Ehrenhof-210511.jpg'><img loading=\"lazy\" decoding=\"async\" width=\"150\" height=\"150\" src=\"http:\/\/fotogruppe-bayreuth.de\/wp-content\/uploads\/2014\/01\/01-Ehrenhof-210511-150x150.jpg\" class=\"attachment-thumbnail size-thumbnail\" alt=\"\" \/><\/a>\n\t\t\t<\/dt><\/dl><br style=\"clear: both\" \/><dl class='gallery-item'>\n\t\t\t<dt class='gallery-icon landscape'>\n\t\t\t\t<a title=\"02 Feuer Therme 120512\" href='http:\/\/fotogruppe-bayreuth.de\/wp-content\/uploads\/2014\/01\/02-Feuer-Therme-120512.jpg'><img loading=\"lazy\" decoding=\"async\" width=\"150\" height=\"150\" src=\"http:\/\/fotogruppe-bayreuth.de\/wp-content\/uploads\/2014\/01\/02-Feuer-Therme-120512-150x150.jpg\" class=\"attachment-thumbnail size-thumbnail\" alt=\"\" \/><\/a>\n\t\t\t<\/dt><\/dl><dl class='gallery-item'>\n\t\t\t<dt class='gallery-icon landscape'>\n\t\t\t\t<a title=\"03 SonnenschirmFlugWmRB170813-6\" href='http:\/\/fotogruppe-bayreuth.de\/wp-content\/uploads\/2014\/01\/03-SonnenschirmFlugWmRB170813-6.jpg'><img loading=\"lazy\" decoding=\"async\" width=\"150\" height=\"150\" src=\"http:\/\/fotogruppe-bayreuth.de\/wp-content\/uploads\/2014\/01\/03-SonnenschirmFlugWmRB170813-6-150x150.jpg\" class=\"attachment-thumbnail size-thumbnail\" alt=\"\" \/><\/a>\n\t\t\t<\/dt><\/dl><dl class='gallery-item'>\n\t\t\t<dt class='gallery-icon portrait'>\n\t\t\t\t<a title=\"09 Viktoria 290613-29\" href='http:\/\/fotogruppe-bayreuth.de\/wp-content\/uploads\/2014\/01\/09-Viktoria-290613-29.jpg'><img loading=\"lazy\" decoding=\"async\" width=\"150\" height=\"150\" src=\"http:\/\/fotogruppe-bayreuth.de\/wp-content\/uploads\/2014\/01\/09-Viktoria-290613-29-150x150.jpg\" class=\"attachment-thumbnail size-thumbnail\" alt=\"\" \/><\/a>\n\t\t\t<\/dt><\/dl><br style=\"clear: both\" \/>\n\t\t<\/div>\n\n","protected":false},"excerpt":{"rendered":"<p>Name Martin Ritter Fotografische Laufbahn Seit 1978 bin ich Mitglied der Freien Fotogruppe, beginnend als Fotoamateur mit eigenem Labor. \u00dcber 1 Jahrzehnt durfte ich nebenberuflich Erfahrungen im gewerblichen Fotolabor, Fotostudio und Fotoeinzelhandel sammeln. Danach war ich 12 Jahre hauptberuflich als Pressefotograf t\u00e4tig. Mehrere Bildb\u00e4nde \u00fcber Bayreuth (Wartberg-Verlag) und Trebgast habe ich gestaltet. Desweiteren entstanden etwa [&hellip;]<\/p>\n","protected":false},"author":1,"featured_media":0,"parent":2,"menu_order":0,"comment_status":"open","ping_status":"open","template":"","meta":{"footnotes":""},"class_list":["post-111","page","type-page","status-publish","hentry"],"aioseo_notices":[],"_links":{"self":[{"href":"http:\/\/fotogruppe-bayreuth.de\/index.php\/wp-json\/wp\/v2\/pages\/111","targetHints":{"allow":["GET"]}}],"collection":[{"href":"http:\/\/fotogruppe-bayreuth.de\/index.php\/wp-json\/wp\/v2\/pages"}],"about":[{"href":"http:\/\/fotogruppe-bayreuth.de\/index.php\/wp-json\/wp\/v2\/types\/page"}],"author":[{"embeddable":true,"href":"http:\/\/fotogruppe-bayreuth.de\/index.php\/wp-json\/wp\/v2\/users\/1"}],"replies":[{"embeddable":true,"href":"http:\/\/fotogruppe-bayreuth.de\/index.php\/wp-json\/wp\/v2\/comments?post=111"}],"version-history":[{"count":0,"href":"http:\/\/fotogruppe-bayreuth.de\/index.php\/wp-json\/wp\/v2\/pages\/111\/revisions"}],"up":[{"embeddable":true,"href":"http:\/\/fotogruppe-bayreuth.de\/index.php\/wp-json\/wp\/v2\/pages\/2"}],"wp:attachment":[{"href":"http:\/\/fotogruppe-bayreuth.de\/index.php\/wp-json\/wp\/v2\/media?parent=111"}],"curies":[{"name":"wp","href":"https:\/\/api.w.org\/{rel}","templated":true}]}}